{"id":17,"date":"2026-02-27T06:49:10","date_gmt":"2026-02-27T06:49:10","guid":{"rendered":"https:\/\/centredumouvement.be\/?page_id=17"},"modified":"2026-03-30T07:19:36","modified_gmt":"2026-03-30T07:19:36","slug":"agenda","status":"publish","type":"page","link":"https:\/\/centredumouvement.be\/index.php\/agenda\/","title":{"rendered":"Agenda"},"content":{"rendered":"<p>[et_pb_section fb_built=\u00a0\u00bb1&Prime; _builder_version=\u00a0\u00bb4.27.6&Prime; _module_preset=\u00a0\u00bbdefault\u00a0\u00bb background_color=\u00a0\u00bb#000000&Prime; global_colors_info=\u00a0\u00bb{}\u00a0\u00bb][et_pb_row _builder_version=\u00a0\u00bb4.27.6&Prime; _module_preset=\u00a0\u00bbdefault\u00a0\u00bb global_colors_info=\u00a0\u00bb{}\u00a0\u00bb][et_pb_column type=\u00a0\u00bb4_4&Prime; _builder_version=\u00a0\u00bb4.27.6&Prime; _module_preset=\u00a0\u00bbdefault\u00a0\u00bb global_colors_info=\u00a0\u00bb{}\u00a0\u00bb][et_pb_text _builder_version=\u00a0\u00bb4.27.6&Prime; _module_preset=\u00a0\u00bbdefault\u00a0\u00bb text_text_color=\u00a0\u00bb#FFFFFF\u00a0\u00bb header_text_color=\u00a0\u00bb#FFFFFF\u00a0\u00bb header_font_size=\u00a0\u00bb35px\u00a0\u00bb text_orientation=\u00a0\u00bbleft\u00a0\u00bb global_colors_info=\u00a0\u00bb{}\u00a0\u00bb]<\/p>\n<h3><span style=\"color: #e09900;\"><strong>Les entra\u00eenements hebdomadaires<\/strong><\/span><\/h3>\n<p>Lundi 18h30 \u2013 20h Pr\u00e9paration physique adultes et adolescents<br \/>Mercredi 16h30 \u2013 17h50 Pr\u00e9paration physique jeunes sportifs (tous sports, tous niveaux)<br \/>Mercredi 18h30 &#8211; 20h Pr\u00e9paration physique adultes et adolescents<br \/>Jeudi 10h30 &#8211; 11h30 Gym douce<br \/>Samedi 9h30 \u2013 12h Acclimatation \u00e0 l\u2019eau<br \/>Dimanche 8h30 \u2013 13h Cours de natation (tous \u00e2ges, tous niveaux)<\/p>\n<p><strong>S\u00e9ances individuelles sur demande<\/strong><\/p>\n<p><strong>Nancy Dumoulin : <a href=\"tel:0491861382\">0491 86 13 82<\/a><br \/><\/strong><strong style=\"font-size: 14px;\">Fr\u00e9d\u00e9ric Lennaertz : <a href=\"tel:0477580457\">0477 58 04 57<\/a><\/strong><\/p>\n<p>&nbsp;<\/p>\n<h3><strong><span style=\"color: #e09900;\">Stages<\/span><br \/><\/strong><\/h3>\n<p>Vacances de P\u00e2ques : Stage de pr\u00e9paration physique (en salle, en milieu naturel et en piscine) pour les ado de 12 \u00e0 18 ans, quel que soit le sport pratiqu\u00e9.<\/p>\n<p>\u2013 Lundi 27 et mardi 28 avril, de 9h &#8211; 16h30<br \/>\u2013 Vendredi 8 mai de 9h &#8211; 16h30<\/p>\n<p>Possibilit\u00e9 de participer \u00e0 un seul jour de stage ou plusieurs<\/p>\n<p>Ouvert \u00e0 tous, places limit\u00e9es, inscription obligatoire.<\/p>\n<p><strong>Nancy Dumoulin : <a href=\"tel:0491861382\">0491 86 13 82<\/a><\/strong><\/p>\n<p><strong><\/strong><\/p>\n<h3><strong><span style=\"color: #e09900;\"><\/span><\/strong><\/h3>\n<h3><strong><span style=\"color: #e09900;\"><\/span><\/strong><\/h3>\n<h3><strong><span style=\"color: #e09900;\">Stage r\u00e9sidentiel en Espagne<\/span><br \/><\/strong><\/h3>\n<p><span style=\"font-size: 14px;\">Du 19 au 26 ao\u00fbt<\/span><span style=\"font-size: 14px;\"><\/span><\/p>\n<p>Pour adolescents et adultes<span style=\"font-size: 14px;\"><\/span><\/p>\n<p>Activit\u00e9s bas\u00e9es sur le Functional Patterns et Origym : <span>Nage en piscine et en r\u00e9serves naturelles (mer et lac), canyoning, paddlesurf, marche et course \u00e0 pied, jeux et entra\u00eenement physique sur la plage, self-d\u00e9fense, activit\u00e9s de lancer de type padel, golf, tir \u00e0 l\u2019arc\u2026<\/span><\/p>\n<p>Logement tout confort, incluant le petit-d\u00e9jeuner.<br \/>Possibilit\u00e9 d\u2019allonger votre s\u00e9jour en r\u00e9servant des nuit\u00e9es suppl\u00e9mentaires.<\/p>\n<p>Ouvert \u00e0 tous, places limit\u00e9es, inscription obligatoire.<\/p>\n<p><strong><strong style=\"font-size: 14px;\"><span style=\"color: #ffffff;\">Fr\u00e9d\u00e9ric Lennaertz :<\/span>\u00a0<\/strong><\/strong><strong><strong style=\"font-size: 14px;\"><a href=\"tel:0477580457\">0477 58 04 57<\/a><\/strong><\/strong><\/p>\n<p><span><\/span><\/p>\n<p><span><\/span><\/p>\n<h3><strong><\/strong><\/h3>\n<h3><strong><\/strong><\/h3>\n<h3><strong><\/strong><\/h3>\n<h3><span style=\"color: #e09900;\"><strong>Centre de pr\u00e9l\u00e8vements<\/strong><\/span><\/h3>\n<p>Permanences <strong>sans rendez-vous<\/strong> :<\/p>\n<p>7h &#8211; 9h mardi &#8211; mercredi &#8211; vendredi<br \/>8h &#8211; 10h samedi<\/p>\n<p>Ou sur rendez-vous en dehors des permanences<\/p>\n<p>Fr\u00e9d\u00e9rique Paepen : <a href=\"tel:0496629762\"><strong>0496 62 97 62<\/strong><\/a><a href=\"tel:0496629762\"><\/a><\/p>\n<p>[\/et_pb_text][\/et_pb_column][\/et_pb_row][\/et_pb_section]<\/p>\n","protected":false},"excerpt":{"rendered":"<p>Les entra\u00eenements hebdomadaires Lundi 18h30 \u2013 20h Pr\u00e9paration physique adultes et adolescentsMercredi 16h30 \u2013 17h50 Pr\u00e9paration physique jeunes sportifs (tous sports, tous niveaux)Mercredi 18h30 &#8211; 20h Pr\u00e9paration physique adultes et adolescentsJeudi 10h30 &#8211; 11h30 Gym douceSamedi 9h30 \u2013 12h Acclimatation \u00e0 l\u2019eauDimanche 8h30 \u2013 13h Cours de natation (tous \u00e2ges, tous niveaux) S\u00e9ances individuelles sur [&hellip;]<\/p>\n","protected":false},"author":1,"featured_media":0,"parent":0,"menu_order":0,"comment_status":"closed","ping_status":"closed","template":"","meta":{"_et_pb_use_builder":"on","_et_pb_old_content":"","_et_gb_content_width":"","footnotes":""},"class_list":["post-17","page","type-page","status-publish","hentry"],"_links":{"self":[{"href":"https:\/\/centredumouvement.be\/index.php\/wp-json\/wp\/v2\/pages\/17","targetHints":{"allow":["GET"]}}],"collection":[{"href":"https:\/\/centredumouvement.be\/index.php\/wp-json\/wp\/v2\/pages"}],"about":[{"href":"https:\/\/centredumouvement.be\/index.php\/wp-json\/wp\/v2\/types\/page"}],"author":[{"embeddable":true,"href":"https:\/\/centredumouvement.be\/index.php\/wp-json\/wp\/v2\/users\/1"}],"replies":[{"embeddable":true,"href":"https:\/\/centredumouvement.be\/index.php\/wp-json\/wp\/v2\/comments?post=17"}],"version-history":[{"count":27,"href":"https:\/\/centredumouvement.be\/index.php\/wp-json\/wp\/v2\/pages\/17\/revisions"}],"predecessor-version":[{"id":1373,"href":"https:\/\/centredumouvement.be\/index.php\/wp-json\/wp\/v2\/pages\/17\/revisions\/1373"}],"wp:attachment":[{"href":"https:\/\/centredumouvement.be\/index.php\/wp-json\/wp\/v2\/media?parent=17"}],"curies":[{"name":"wp","href":"https:\/\/api.w.org\/{rel}","templated":true}]}}